e the remainder when 81 is divided by 21.
18
Calculate the remainder when 109 is divided by 25.
9
What is the remainder when 16 is divided by 9?
7
Calculate the remainder when 9 is divided by 1.
0
What is the remainder when 32458 is divided by 13?
10
Calculate the remainder when 480 is divided by 37.
36
What is the remainder when 12413 is divided by 97?
94
Calculate the remainder when 326 is divided by 29.
7
What is the remainder when 38 is divided by 18?
2
Calculate the remainder when 21 is divided by 4.
1
Calculate the remainder when 101 is divided by 29.
14
Calculate the remainder when 2489 is divided by 7.
4
What is the remainder when 669 is divided by 96?
93
Calculate the remainder when 317 is divided by 11.
9
What is the remainder when 1215 is divided by 61?
56
Calculate the remainder when 1669 is divided by 417.
1
Calculate the remainder when 513 is divided by 86.
83
Calculate the remainder when 2731 is divided by 18.
13
What is the remainder when 2407 is divided by 134?
129
Calculate the remainder when 415 is divided by 16.
15
Calculate the remainder when 8655 is divided by 2161.
11
Calculate the remainder when 2050 is divided by 3.
1
Calculate the remainder when 108 is divided by 48.
12
Calculate the remainder when 56 is divided by 6.
2
What is the remainder when 129 is divided by 62?
5
What is the remainder when 106 is divided by 10?
6
Calculate the remainder when 83 is divided by 26.
5
What is the remainder when 282 is divided by 70?
2
Calculate the remainder when 628 is divided by 156.
4
Calculate the remainder when 158 is divided by 4.
2
Calculate the remainder when 2636 is divided by 29.
26
Calculate the remainder when 686 is divided by 21.
14
Calculate the remainder when 11595 is divided by 223.
222
What is the remainder when 3133 is divided by 4?
1
What is the remainder when 177 is divided by 155?
22
What is the remainder when 3827 is divided by 5?
2
What is the remainder when 302 is divided by 83?
53
What is the remainder when 11842 is divided by 36?
34
Calculate the remainder when 220 is divided by 69.
13
What is the remainder when 243 is divided by 42?
33
What is the remainder when 173 is divided by 92?
81
Calculate the remainder when 224 is divided by 33.
26
Calculate the remainder when 868 is divided by 79.
78
What is the remainder when 3556 is divided by 40?
36
What is the remainder when 81 is divided by 12?
9
What is the remainder when 1677 is divided by 112?
109
What is the remainder when 621 is divided by 15?
6
Calculate the remainder when 2649 is divided by 50.
49
What is the remainder when 733 is divided by 187?
172
Calculate the remainder when 732 is divided by 29.
7
Calculate the remainder when 64789 is divided by 341.
340
What is the remainder when 538 is divided by 46?
32
What is the remainder when 611 is divided by 56?
51
What is the remainder when 412 is divided by 32?
28
What is the remainder when 237 is divided by 21?
6
What is the remainder when 91 is divided by 33?
25
What is the remainder when 9859 is divided by 173?
171
Calculate the remainder when 215 is divided by 54.
53
Calculate the remainder when 16719 is divided by 20.
19
What is the remainder when 78 is divided by 35?
8
Calculate the remainder when 136 is divided by 54.
28
What is the remainder when 1969 is divided by 213?
52
Calculate the remainder when 28700 is divided by 254.
252
Calculate the remainder when 249 is divided by 59.
13
Calculate the remainder when 10194 is divided by 9.
6
What is the remainder when 305 is divided by 147?
11
Calculate the remainder when 178 is divided by 94.
84
Calculate the remainder when 2745 is divided by 153.
144
What is the remainder when 507 is divided by 19?
13
Calculate the remainder when 386 is divided by 44.
34
What is the remainder when 107 is divided by 97?
10
What is the remainder when 775 is divided by 23?
16
What is the remainder when 592 is divided by 290?
12
Calculate the remainder when 2041 is divided by 57.
46
Calculate the remainder when 128 is divided by 63.
2
Calculate the remainder when 120 is divided by 38.
6
What is the remainder when 366 is divided by 12?
6
What is the remainder when 255 is divided by 8?
7
Calculate the remainder when 39003 is divided by 49.
48
What is the remainder when 925 is divided by 111?
37
Calculate the remainder when 35 is divided by 12.
11
What is the remainder when 458 is divided by 225?
8
Calculate the remainder when 1125 is divided by 42.
33
What is the remainder when 35 is divided by 35?
0
Calculate the remainder when 853 is divided by 19.
17
What is the remainder when 22 is divided by 12?
10
Calculate the remainder when 549 is divided by 281.
268
Calculate the remainder when 356 is divided by 30.
26
Calculate the remainder when 84 is divided by 36.
12
Calculate the remainder when 1013 is divided by 170.
163
Calculate the remainder when 237 is divided by 48.
45
What is the remainder when 125 is divided by 42?
41
What is the remainder when 534 is divided by 171?
21
What is the remainder when 887 is divided by 437?
13
What is the remainder when 27 is divided by 12?
3
Calculate the remainder when 120 is divided by 29.
4
What is the remainder when 9700 is divided by 98?
96
Calculate the remainder when 24508 is divided by 114.
112
What is the remainder when 121 is divided by 47?
27
What is the remainder when 6 is divided by 4?
2
Calculate the remainder when 412 is divided by 51.
4
What is the remainder when 38 is divided by 7?
3
Calculate the remainder when 548 is divided by 43.
32
Calculate the remainder when 178 is divided by 12.
10
What is the remainder when 71 is divided by 22?
5
Calculate the remainder when 545 is divided by 45.
5
Calculate the remainder when 7030 is divided by 153.
145
Calculate the remainder when 383 is divided by 181.
21
Calculate the remainder when 239 is divided by 9.
5
What is the remainder when 526 is divided by 106?
102
Calculate the remainder when 67 is divided by 62.
5
Calculate the remainder when 315 is divided by 47.
33
What is the remainder when 513 is divided by 58?
49
What is the remainder when 359 is divided by 36?
35
What is the remainder when 2686 is divided by 7?
5
What is the remainder when 636 is divided by 58?
56
Calculate the remainder when 775 is divided by 60.
55
What is the remainder when 96 is divided by 95?
1
What is the remainder when 25 is divided by 16?
9
Calculate the remainder when 2849 is divided by 948.
5
Calculate the remainder when 111 is divided by 33.
12
What is the remainder when 449 is divided by 51?
41
What is the remainder when 50 is divided by 26?
24
Calculate the remainder when 345 is divided by 6.
3
What is the remainder when 660 is divided by 29?
22
What is the remainder when 414 is divided by 49?
22
What is the remainder when 411 is divided by 127?
30
What is the remainder when 58 is divided by 15?
13
Calculate the remainder when 33821 is divided by 28.
25
Calculate the remainder when 967 is divided by 10.
7
Calculate the remainder when 150 is divided by 79.
71
What is the remainder when 1556 is divided by 52?
48
What is the remainder when 271 is divided by 88?
7
What is the remainder when 347 is divided by 32?
27
What is the remainder when 28 is divided by 11?
6
Calculate the remainder when 689 is divided by 33.
29
What is the remainder when 6208 is divided by 115?
113
Calculate the remainder when 8564 is divided by 238.
234
What is the remainder when 422 is divided by 107?
101
Calculate the remainder when 904 is divided by 109.
32
What is the remainder when 15 is divided by 7?
1
Calculate the remainder when 207 is divided by 43.
35
What is the remainder when 50 is divided by 13?
11
What is the remainder when 174 is divided by 20?
14
What is the remainder when 373 is divided by 125?
123
What is the remainder when 324 is divided by 110?
104
What is the remainder when 893 is divided by 312?
269
What is the remainder when 642 is divided by 34?
30
Calculate the remainder when 968 is divided by 12.
8
Calculate the remainder when 161 is divided by 25.
11
What is the remainder when 161 is divided by 91?
70
What is the remainder when 16032 is divided by 15?
12
Calculate the remainder when 1077 is divided by 22.
21
Calculate the remainder when 102 is divided by 40.
22
Calculate the remainder when 895